e 3*b - 5*a - 2 = 0, 0*b - b = -2*a + 1. Let y(x) = x**2 - 64 + 61 + 0*x + 3*x. Let f be y(-6). What is the highest common divisor of b and f?
3
Let y(g) = 3*g**2 + g - 3. Let l be y(3). Suppose l = -3*v + 99. Let u = 454 + -238. Calculate the highest common factor of u and v.
24
Suppose 790 + 330 = 16*w. Let t(s) = -2*s**2 + 2*s - 1. Let o be t(3). Let u(n) = -2*n - 16. Let r be u(o). What is the greatest common factor of w and r?
10
Suppose 5*c - 3*m = 959, 564 = -3*c + 6*c + 2*m. Suppose -2765 = 97*d - 3735. Calculate the highest common factor of d and c.
10
Suppose -8620 = -231*x + 226*x. Let v be x*4/64 + 2/8. What is the highest common factor of 48 and v?
12
Let f be 342/66 - (-10)/(-55). Suppose -f*a + 1811 = r, -2*r + 16 = -6*r. Calculate the greatest common factor of 66 and a.
33
Suppose -255 = -9*f - 6*f. Suppose 3*s - 55 = f. What is the highest common factor of 132 and s?
12
Suppose 11*k = 2*y - 137, -4*k = -14 - 6. Calculate the greatest common divisor of 24 and y.
24
Suppose -4*s + 0*s = -1856. Suppose -4278 + 6180 + 6044 = 274*x. What is the highest common divisor of s and x?
29
Suppose 0 = 11*v - 4 - 161. Suppose 22*h = v*h + 42. What is the highest common factor of 21 and h?
3
Suppose 5*l = 4*s - 114, -29*s = -24*s + 5*l - 75. What is the highest common factor of s and 1057?
7
Let k be ((-60)/(-50))/(3/10). Suppose k*z = 520 + 492. Let a be (z - 1) + -2 + 2. Calculate the highest common divisor of a and 36.
36
Let z be (26/(-39))/((-4)/18 + 0). Suppose h + 2*p = -2*h - 2, 10 = -h - z*p. Suppose 5*k = -h*k + 259. Calculate the greatest common factor of k and 185.
37
Let r be 0 - 6/(-30) - 4156/(-20). Let h = 222 - r. Calculate the highest common factor of h and 273.
7
Let b(j) = -9*j - 10. Let w be b(-1). Let n be -78 + 80 - w*31. Let f be 6 - 2 - (2 - 1). Calculate the greatest common divisor of f and n.
3
Suppose 23*v + 172 = 2058. What is the highest common factor of v and 123?
41
Suppose -3*k + 2*k = -32. Suppose -3*d = -2*d - k. Let x = 130928 + -130864. What is the highest common divisor of d and x?
32
Let a(f) = -8 - 11 + 35*f - 1. Let n be 3/(-12)*(-5 + -15). Let x be a(n). Calculate the highest common factor of x and 62.
31
Suppose -419 + 29 = -3*n. Suppose 2 = -m - 4*r, 3*r + 6 = -3. Calculate the greatest common divisor of n and m.
10
Let z(g) = -39*g - 1. Let y be z(-1). Let s(v) = -63*v + 380. Let t be s(6). Suppose -10*p = t*p - 684. What is the greatest common divisor of y and p?
19
Suppose -8*w + 371 = -149. Suppose 5*h - 73 = -4*u, -h - 2 - w = -4*u. Let g be (-1527)/(-18) + (-2)/(-12). Calculate the highest common divisor of g and u.
17
Let d(q) = -q**3 - 41*q**2 - 303*q - 3. Let v be d(-8). Calculate the highest common divisor of 12 and v.
3
Suppose 0 = -8*a + 25 + 231. Suppose p - 4*j - a + 27 = 0, -3*j + 2 = 5*p. Calculate the greatest common factor of 29 and p.
1
Let f(p) = 3687*p - 6674. Let s be f(2). What is the greatest common divisor of 550 and s?
50
Suppose -5*w + 18 = -2*w. Suppose -w*m + 12 = -4*m. Suppose -m*k + 220 + 638 = 0. Calculate the highest common factor of k and 13.
13
Suppose 227*k - 179*k - 2976 = 0. Calculate the greatest common divisor of 20 and k.
2
Let r be (-10)/(-3) - (-20)/30. Let f be -2*(r + (-415)/10). Calculate the highest common factor of 30 and f.
15
Suppose 5*s - d - 313 = s, 2*d = 2*s - 152. Suppose 0 = w - 0*w + s. Let x = -66 - w. Calculate the greatest common factor of 26 and x.
13
Let i(u) = -u**2 - 85*u - 1024. Let c be i(-21). Calculate the highest common divisor of c and 1220.
20
Let w = -1547 - -2653. What is the highest common divisor of w and 28?
14
Suppose 0 = 5*d + 2*x + 5526 - 42190, -3*x + 29341 = 4*d. Calculate the highest common factor of d and 20.
10
Let c = 1927 - 1891. Suppose -3*r + 5 = -2*a - 20, 4*r = -3*a + 39. What is the highest common divisor of c and r?
9
Suppose -4*s + r = -3124, 0 = -s - 0*r + 4*r + 796. What is the greatest common factor of s and 416?
52
Let t(f) = 2*f**3 + 10*f**2 - 62*f - 171. Let y be t(-7). What is the highest common factor of y and 4?
1
Suppose 0 = -7*n + 36 + 279. Suppose n*v - 4590 = 11*v. Calculate the highest common divisor of 15 and v.
15
Let w be (-30)/4*20/15. Let i be (11 + -1)*w/(-4). Let s = 15 + i. Calculate the highest common factor of 16 and s.
8
Let f = -1 + 9. Suppose 2*u - 4*z - 24 = 0, -15 = 5*z + 10. Suppose -u = -t + f. What is the highest common factor of t and 35?
5
Let p(x) = 1 - x**2 + 0 + x + 7. Suppose -202*q = -180*q. Let h be p(q). What is the greatest common divisor of 40 and h?
8
Let p(l) = 2*l**3 - 47*l**2 - 104*l - 30. Let z be p(26). What is the greatest common divisor of z and 38?
38
Let o = -98 + 101. Suppose -2*f - 2*f + 303 = 5*w, -3*w - o*f = -180. Let k = 9 - 2. Calculate the highest common factor of w and k.
7
Let y = -264 + 281. Suppose q - 2*m = -m + 604, -5*q - m = -3020. Suppose -3*s = -y - q. What is the highest common factor of s and 23?
23
Let j be -1 + 12 + (-6175)/(-19). What is the greatest common factor of 1064 and j?
56
Let m(d) = 2*d**2 + 3*d. Suppose 3*l = -l - 140. Let g = 31 + l. Let z be m(g). What is the highest common factor of 16 and z?
4
Let d be (-18)/30 - ((-2546)/10 - 5). Let m be ((-8)/(-28))/(2/d). Calculate the highest common factor of m and 703.
37
Let k(u) = -u**3 - 7*u**2 - 9*u - 14. Let c be k(-6). Suppose 2*n + 253 = c*b - 27, n + 4 = 0. Let r = b + -57. Calculate the greatest common factor of r and 1.
1
Let v(u) = 2*u**2 + 8*u - 2. Let l be v(-6). Suppose 0 = -5*g + 439*d - 441*d + 878, 2*d = -2. What is the greatest common divisor of l and g?
22
Suppose h + 26 = l + 2*l, 5*l = -2*h + 58. Let a(j) = j. Let t be a(l). Suppose 7*o - 322 = -308. What is the greatest common factor of t and o?
2
Let o(h) = -1004*h + 257604. Let x be o(256). Let k(v) = -21*v - 3. Let q be k(-3). Calculate the greatest common factor of q and x.
20
Suppose -18243 = -17*o - 7343 + 17898. What is the highest common divisor of o and 2057?
121
Let w(j) be the third derivative of j**6/60 + j**5/20 - j**4/8 + 55*j**3/6 + j**2 + 2*j. Let y be w(8). What is the greatest common factor of 29 and y?
29
Let v be ((((-243)/2)/(-3))/(-3))/(474/(-948)). Let j be 4/(-22) - 2380/(-22). Calculate the greatest common factor of j and v.
27
Suppose -324 = -9*y + 18. Suppose -807 + 69 = -h - 8*p, -5*h = -5*p - 3600. What is the highest common factor of y and h?
38
Suppose -75 = -2*f - 2*z + 11*z, z = 5*f - 80. What is the greatest common divisor of 85 and f?
5
Let o = 75 - 45. Let u be 7025/o + 6 - 2/12. Suppose 0 = 2*n + 11 - 59. What is the greatest common divisor of n and u?
24
Suppose -786 = -3*o + 3*k, o - 2*o = 6*k - 276. What is the highest common divisor of o and 3608?
88
Suppose -362 = 6*i - 1244. What is the greatest common factor of 2450 and i?
49
Let a = -132 + -50. Let i = -154 - a. Calculate the greatest common divisor of 8 and i.
4
Suppose 0 = -d - 3*o - 189, 3*d + 984 = -2*d - 2*o. Let h = d + 214. What is the greatest common divisor of 12 and h?
4
Let l be (-4 - -12 - 3) + 970/5. Let j = 178 + l. What is the highest common divisor of 29 and j?
29
Let r = 3168 + -3164. What is the greatest common factor of 116 and r?
4
Let d = -15184 + 15288. Calculate the greatest common divisor of d and 1443.
13
Let l be (2 + 30/9)*(-3528)/(-84). Calculate the greatest common divisor of 544 and l.
32
Let h be -32 + 33 - 856/1. Let v be 24/96 - h/4. Calculate the greatest common factor of v and 107.
107
Suppose 4*k + 376 = v + 2*v, k - 236 = -2*v. Let c(g) = g**3 + 187*g**2 - 448*g - 13206. Let n be c(-189). Calculate the highest common divisor of n and v.
24
Suppose -4*t = 5*l - 3851, t - 163 + 159 = 0. What is the greatest common factor of l and 78?
13
Suppose -5*y - 5*v = -y - 4485, -4*y - 4*v = -4484. Suppose 2610 = 254*q - 4502. Calculate the greatest common divisor of q and y.
28
Let z = 90 + -27. Suppose 2*i = -5*i + z. What is the highest common divisor of 27 and i?
9
Suppose 5*l + 2*g = 2420, 4*g - 1936 = -4*l - 0*g. Calculate the greatest common factor of l and 154.
22
Let n = 86 + -176. Let z be n/(-5)*(-5)/(10/(-4)). Calculate the greatest common factor of 54 and z.
18
Suppose c = -3*y + 108, 5*c - 10 = -y + 12. Calculate the highest common factor of y and 1.
1
Suppose 17 = 7*g -